 highest common factor of 26 and g?
13
Suppose -2*r - 4 + 6 = 0. Suppose 0 = -4*o + 2*l - 3*l + 4, 3*o - 3 = -5*l. What is the greatest common divisor of o and r?
1
Let o be (8/(-6) + 1)/((-4)/228). Calculate the highest common divisor of o and 57.
19
Let d(y) = -y + 8. Let g be d(-7). What is the highest common factor of 5 and g?
5
Let a = -1508 - -2115. Suppose -a + 227 = -4*n. Suppose 5*d - n = -5*p, 0 = -2*d - 2 - 8. Calculate the greatest common divisor of 36 and p.
12
Let z(j) = 10*j**2 + 5*j. Let x be z(5). Calculate the greatest common divisor of 25 and x.
25
Suppose 21 = 2*c - 3*h, 25 = 6*c - 3*c + 2*h. Calculate the highest common factor of 3 and c.
3
Suppose -2*s - v = -71, -5*v - 30 = -4*s + 3*s. Let k = s + -19. Let g = 2 - -2. Calculate the greatest common factor of k and g.
4
Suppose 7*l = 4*l + 216. Let f = 55 - 37. What is the greatest common factor of f and l?
18
Let h(v) = 6*v + 2*v + 12 - v**2 - 9. Let d be h(7). Calculate the highest common divisor of d and 2.
2
Suppose 4*s - 7 - 49 = 0. Suppose 12 = -v + 82. What is the highest common factor of s and v?
14
Let f be 14/(-4)*(-72 - 0)/2. Calculate the greatest common divisor of f and 84.
42
Let t be (-11)/(-3) - (-12)/(-18). Suppose -25 = t*v - 4*p, -p = -v + 4*p - 1. Let f = 45 + v. What is the highest common factor of 85 and f?
17
Suppose 2*r = 8 + 6. Suppose -4*x = 0, 4 = 4*c - 4*x - 0*x. What is the greatest common factor of c and r?
1
Let b be (-2)/4 + 22/(-4). Suppose 30 = 6*f - 4*f. Let j = b + f. Calculate the highest common divisor of 36 and j.
9
Let m = 11 - -20. What is the highest common factor of 31 and m?
31
Let g = 343 - 103. What is the highest common factor of g and 30?
30
Let u(t) = t**2 - t - 8. Let q be u(4). Suppose 2*f - q*f + 60 = 0. Let l be 6/(0 - (-2 + 1)). What is the highest common divisor of l and f?
6
Let f be 8 + -2 - 0 - 2. Let n be ((-9)/(-5))/(f/20). Calculate the greatest common factor of 1 and n.
1
Suppose 3*n + 4*w = 98, -2*n = 5*w - 77 - 0. Calculate the greatest common factor of n and 13.
13
Suppose 10 = -2*m + 4*m. Suppose 400 = -0*f + m*f. Let b be (-8)/20 + (-52)/(-5). What is the highest common divisor of f and b?
10
Let b(f) = f**2 + 2*f + 7. Let p be b(-5). Suppose 6*r = 31 - 1. Suppose 8 = r*d - 2. What is the highest common factor of d and p?
2
Suppose 6 + 10 = 4*i. Let h = i - 0. Calculate the greatest common divisor of h and 16.
4
Let o = 2 - -2. Suppose 2*h - 32 = -i, 4*i - 142 = -0*i - h. Calculate the highest common factor of o and i.
4
Let i be (1 - 2)/(2/(-18)). Let u = 42 + -24. Calculate the highest common factor of u and i.
9
Suppose 0 = u + 4, 102 = 5*v - 2*v - 3*u. Let n = 6 + -3. Let f be 1 + (2 - n)*-5. What is the greatest common divisor of v and f?
6
Suppose -2*t - 24 = -4*t. Let y = t + -7. Calculate the highest common divisor of y and 35.
5
Suppose 114 = -n + 4*n. Let g be -3 - 1*n/(-2). What is the highest common divisor of g and 48?
16
Let c(b) = -b**3 + 6*b**2 - b - 4. Let s be c(3). What is the highest common divisor of 220 and s?
20
Let n be (-6)/9*(-30)/4. Suppose -4*k + 3*b + 48 = n*b, 60 = 4*k + 5*b. Calculate the highest common factor of k and 70.
10
Let r(s) = -11*s - 55. Let b be r(-7). Calculate the greatest common factor of b and 308.
22
Suppose -4*a + 0*a = -756. Suppose 5*r = -3*r + 168. Calculate the greatest common divisor of a and r.
21
Let a be 2/2*3 - 1. Suppose 2 + 2 = a*k. Suppose 2*l - 6*l = -12. Calculate the highest common factor of l and k.
1
Let l = 212 + -149. Suppose -5*o = -44 - 1. What is the highest common divisor of o and l?
9
Let v = -4 + -1. Let c be ((-4)/10 + -2)*v. Suppose 0*n = 5*n - 15. Calculate the highest common factor of c and n.
3
Let z = 4 - 5. Let p = z - 9. Let r be (-154)/p + (-4)/10. What is the highest common divisor of r and 105?
15
Suppose -a + 2*a = 0. Suppose a = 5*g - 4*d - 133, 3*d - 21 = -2*g + 23. What is the greatest common divisor of g and 5?
5
Let u = -2 - -1. Let f be 3*((-19)/(-3) + u). Calculate the greatest common divisor of 8 and f.
8
Let w be 54 - (2 + -1) - 2. Suppose m - 4*m = -w. What is the greatest common factor of m and 187?
17
Suppose 6*n - 154 - 3146 = 0. Calculate the highest common divisor of n and 50.
50
Let y be -2*(3 + 29/(-2)). Let z = -16 + y. Let u = -91 - -168. Calculate the greatest common factor of z and u.
7
Suppose 80 = 5*c - 2*q, 2*q - 6*q = -2*c + 16. Let h = 76 + -49. What is the highest common divisor of h and c?
9
Let a = 2 + -7. Let q be a/2*24/(-20). Let s be 82/4 - (-2)/4. What is the greatest common factor of s and q?
3
Let p = 160 - 232. Let w be ((-6)/(-8))/((-1)/p). What is the greatest common factor of w and 6?
6
Let q = -51 + 75. What is the highest common factor of 16 and q?
8
Let q = 40 - 23. Suppose -3*r + 2*k - 75 = -424, 2*r = -k + 242. Calculate the highest common divisor of q and r.
17
Let g = 77 + -22. Let y(w) = 5*w**2 - 5*w - 8. Let a be y(-2). What is the highest common factor of a and g?
11
Suppose -9 = -3*o, -o - 6 = -j - 14. Let h = j - -2. Let r(c) = c**2 + 2*c + 4. Let f be r(h). Calculate the highest common divisor of 35 and f.
7
Suppose 4*k + 6 = 34. Suppose -3*f = -k*f + 8. Calculate the highest common factor of 2 and f.
2
Let o(t) = 5*t - 2. Let z be o(6). Let l be (-1)/(((-2)/24)/1). Let c be 7*2*6/l. Calculate the highest common factor of z and c.
7
Let m be 4*(0 + (-3)/(-4)). Suppose m*k = 2*r + 23, -5*r + r + 17 = k. What is the greatest common factor of k and 18?
9
Suppose 4*p = -27 + 171. What is the greatest common divisor of 90 and p?
18
Let a = -86 + 161. Suppose -2*f = -u - 29, -2*f + 79 = 3*f + 4*u. Calculate the greatest common divisor of f and a.
15
Let y = -3 - -3. Let g = 20 - 0. Suppose y = -2*m - 3*m + g. Calculate the greatest common divisor of 2 and m.
2
Suppose x + 0*x = 101. Let y = -45 + x. Suppose -f = 3*f - 56. What is the highest common divisor of f and y?
14
Let g = -332 - -572. What is the greatest common divisor of 30 and g?
30
Let m = 58 - 32. What is the greatest common factor of 52 and m?
26
Let w = -5 + 10. Let g(z) = z**3 - 4*z**2 - 7*z + 1. Let s be g(w). Let q = 0 - s. Calculate the greatest common factor of q and 3.
3
Let b = -54 - -62. Calculate the greatest common divisor of 64 and b.
8
Let u be 225/21 - 4*(-3)/42. Calculate the greatest common factor of 11 and u.
11
Suppose 6*h - 2*h - 17 = -5*y, 2 = 2*y. Suppose -7*m + 80 = -h*m. What is the greatest common divisor of 10 and m?
10
Suppose -4*q + 252 = -0*q. Calculate the highest common factor of 7 and q.
7
Suppose 3*c - h - 760 = -0*h, 3*c - 5*h - 764 = 0. Calculate the highest common divisor of 23 and c.
23
Let t(l) be the first derivative of l**3/3 - 2*l**2 + 4*l + 3. Let o be t(3). Let j be (o - (-2 + -8)) + 1. Calculate the highest common divisor of j and 2.
2
Let i(x) = -x. Let j be i(-6). Let f(d) = 10*d. Let m be f(j). Suppose 72 = 3*p + 3*w, -p - w = -4*p + m. What is the highest common divisor of 14 and p?
7
Suppose -w + 4 - 7 = 0. Let o = w + 4. Let j be (-3 + o)*44/(-8). Calculate the greatest common factor of j and 121.
11
Suppose r + 4*r = 320. Calculate the greatest common factor of 8 and r.
8
Suppose z + 81 = 4*z. Suppose 0*t - 32 = 2*t. Let o = z + t. Calculate the greatest common divisor of o and 99.
11
Let s be 1*14 - 5/(-5). Let z(w) = -2*w**2 + w. Let y be z(1). Let i = s - y. Calculate the highest common factor of 2 and i.
2
Let b(v) = 8*v**3 - 7*v**2 + 3*v + 6. Let n be b(4). Calculate the greatest common factor of 38 and n.
38
Let x = 35 + -19. Suppose 5*w - 82 = 78. Calculate the greatest common divisor of x and w.
16
Let o be (2 - 8)/((-6)/40). Suppose -7*k + 2*k = -25. Calculate the greatest common divisor of k and o.
5
Let h be 152/12 - 5/(-15). What is the highest common factor of 65 and h?
13
Suppose 0 = -4*b + 20 - 8. Suppose -5*r - 8 = -b, 5*g = -3*r + 357. Calculate the greatest common factor of 108 and g.
36
Let g be 1 + (-4)/((-4)/9). Let y = -82 + 192. What is the highest common divisor of g and y?
10
Let u be 1/4 + (-11)/(-4). Suppose -4 = u*v - 244. Let p = 1 + 9. What is the highest common factor of v and p?
10
Let q = 4 + 36. Suppose -19 = -3*y - 4. Suppose -3*v + y*v - 20 = 0. What is the greatest common divisor of v and q?
10
Suppose -10*w = -8*w - 42. Wh